[INFO] cloning repository https://github.com/RedDocMD/pied
[INFO] running `Command { std: "git" "-c" "credential.helper=" "-c" "credential.helper=/workspace/cargo-home/bin/git-credential-null" "clone" "--bare" "https://github.com/RedDocMD/pied" "/workspace/cache/git-repos/https%3A%2F%2Fgithub.com%2FRedDocMD%2Fpied", kill_on_drop: false }`
[INFO] [stderr] Cloning into bare repository '/workspace/cache/git-repos/https%3A%2F%2Fgithub.com%2FRedDocMD%2Fpied'...
[INFO] running `Command { std: "git" "rev-parse" "HEAD", kill_on_drop: false }`
[INFO] [stdout] 8d3f6f27114cb7d9e0377dd8f3b3e0175b295c0e
[INFO] checking RedDocMD/pied against master#e6e4f7ed1589e03bc2f6c5931c1a72e7947e8682 for beta-170-4
[INFO] running `Command { std: "git" "clone" "/workspace/cache/git-repos/https%3A%2F%2Fgithub.com%2FRedDocMD%2Fpied" "/workspace/builds/worker-7-tc2/source", kill_on_drop: false }`
[INFO] [stderr] Cloning into '/workspace/builds/worker-7-tc2/source'...
[INFO] [stderr] done.
[INFO] validating manifest of git repo https://github.com/RedDocMD/pied on toolchain e6e4f7ed1589e03bc2f6c5931c1a72e7947e8682
[INFO] running `Command { std: CARGO_HOME="/workspace/cargo-home" RUSTUP_HOME="/workspace/rustup-home" "/workspace/cargo-home/bin/cargo" "+e6e4f7ed1589e03bc2f6c5931c1a72e7947e8682" "metadata" "--manifest-path" "Cargo.toml" "--no-deps", kill_on_drop: false }`
[INFO] removed /workspace/builds/worker-7-tc2/source/rust-toolchain.toml
[INFO] started tweaking git repo https://github.com/RedDocMD/pied
[INFO] finished tweaking git repo https://github.com/RedDocMD/pied
[INFO] tweaked toml for git repo https://github.com/RedDocMD/pied written to /workspace/builds/worker-7-tc2/source/Cargo.toml
[INFO] crate git repo https://github.com/RedDocMD/pied already has a lockfile, it will not be regenerated
[INFO] running `Command { std: CARGO_HOME="/workspace/cargo-home" RUSTUP_HOME="/workspace/rustup-home" "/workspace/cargo-home/bin/cargo" "+e6e4f7ed1589e03bc2f6c5931c1a72e7947e8682" "fetch" "--manifest-path" "Cargo.toml", kill_on_drop: false }`
[INFO] running `Command { std: "docker" "create" "-v" "/var/lib/crater-agent-workspace/builds/worker-7-tc2/target:/opt/rustwide/target:rw,Z" "-v" "/var/lib/crater-agent-workspace/builds/worker-7-tc2/source:/opt/rustwide/workdir:ro,Z" "-v" "/var/lib/crater-agent-workspace/cargo-home:/opt/rustwide/cargo-home:ro,Z" "-v" "/var/lib/crater-agent-workspace/rustup-home:/opt/rustwide/rustup-home:ro,Z" "-e" "SOURCE_DIR=/opt/rustwide/workdir" "-e" "CARGO_TARGET_DIR=/opt/rustwide/target" "-e" "CARGO_HOME=/opt/rustwide/cargo-home" "-e" "RUSTUP_HOME=/opt/rustwide/rustup-home" "-w" "/opt/rustwide/workdir" "-m" "1610612736" "--user" "0:0" "--network" "none" "ghcr.io/rust-lang/crates-build-env/linux@sha256:5ff2268d62e97bff2cde7d5815dd6ed5b47097566f13b8d0ca110b04b60e07ed" "/opt/rustwide/cargo-home/bin/cargo" "+e6e4f7ed1589e03bc2f6c5931c1a72e7947e8682" "metadata" "--no-deps" "--format-version=1", kill_on_drop: false }`
[INFO] [stdout] a34fdc6e3ae705466a5a23b67798bff4328fb54e0053e9e8c3c933d4f9bd250b
[INFO] running `Command { std: "docker" "start" "-a" "a34fdc6e3ae705466a5a23b67798bff4328fb54e0053e9e8c3c933d4f9bd250b", kill_on_drop: false }`
[INFO] running `Command { std: "docker" "inspect" "a34fdc6e3ae705466a5a23b67798bff4328fb54e0053e9e8c3c933d4f9bd250b", kill_on_drop: false }`
[INFO] running `Command { std: "docker" "rm" "-f" "a34fdc6e3ae705466a5a23b67798bff4328fb54e0053e9e8c3c933d4f9bd250b", kill_on_drop: false }`
[INFO] [stdout] a34fdc6e3ae705466a5a23b67798bff4328fb54e0053e9e8c3c933d4f9bd250b
[INFO] running `Command { std: "docker" "create" "-v" "/var/lib/crater-agent-workspace/builds/worker-7-tc2/target:/opt/rustwide/target:rw,Z" "-v" "/var/lib/crater-agent-workspace/builds/worker-7-tc2/source:/opt/rustwide/workdir:ro,Z" "-v" "/var/lib/crater-agent-workspace/cargo-home:/opt/rustwide/cargo-home:ro,Z" "-v" "/var/lib/crater-agent-workspace/rustup-home:/opt/rustwide/rustup-home:ro,Z" "-e" "SOURCE_DIR=/opt/rustwide/workdir" "-e" "CARGO_TARGET_DIR=/opt/rustwide/target" "-e" "CARGO_INCREMENTAL=0" "-e" "RUST_BACKTRACE=full" "-e" "RUSTFLAGS=--cap-lints=forbid" "-e" "RUSTDOCFLAGS=--cap-lints=forbid" "-e" "CARGO_HOME=/opt/rustwide/cargo-home" "-e" "RUSTUP_HOME=/opt/rustwide/rustup-home" "-w" "/opt/rustwide/workdir" "-m" "1610612736" "--user" "0:0" "--network" "none" "ghcr.io/rust-lang/crates-build-env/linux@sha256:5ff2268d62e97bff2cde7d5815dd6ed5b47097566f13b8d0ca110b04b60e07ed" "/opt/rustwide/cargo-home/bin/cargo" "+e6e4f7ed1589e03bc2f6c5931c1a72e7947e8682" "check" "--frozen" "--all" "--all-targets" "--message-format=json", kill_on_drop: false }`
[INFO] [stdout] 17f2a3222350fa6e0d372dd4ed9210af4ebc382a970d87b603a51879c904fbfa
[INFO] running `Command { std: "docker" "start" "-a" "17f2a3222350fa6e0d372dd4ed9210af4ebc382a970d87b603a51879c904fbfa", kill_on_drop: false }`
[INFO] [stderr]    Compiling pied v0.1.0 (/opt/rustwide/workdir)
[INFO] [stdout] error[E0463]: can't find crate for `tock_registers`
[INFO] [stdout]   --> src/lib.rs:27:1
[INFO] [stdout]    |
[INFO] [stdout] 27 | extern crate tock_registers;
[INFO] [stdout]    | ^^^^^^^^^^^^^^^^^^^^^^^^^^^^ can't find crate
[INFO] [stdout] 
[INFO] [stdout] 
[INFO] [stdout] error[E0463]: can't find crate for `tock_registers`
[INFO] [stdout]   --> src/lib.rs:27:1
[INFO] [stdout]    |
[INFO] [stdout] 27 | extern crate tock_registers;
[INFO] [stdout]    | ^^^^^^^^^^^^^^^^^^^^^^^^^^^^ can't find crate
[INFO] [stdout] 
[INFO] [stdout] 
[INFO] [stdout] error[E0432]: unresolved import `arch_cpu`
[INFO] [stdout]  --> src/cpu.rs:7:9
[INFO] [stdout]   |
[INFO] [stdout] 7 | pub use arch_cpu::{nop, wait_forever};
[INFO] [stdout]   |         ^^^^^^^^ use of undeclared crate or module `arch_cpu`
[INFO] [stdout] 
[INFO] [stdout] 
[INFO] [stdout] error[E0432]: unresolved import `arch_translation_table`
[INFO] [stdout]  --> src/memory/mmu/translation_table.rs:5:9
[INFO] [stdout]   |
[INFO] [stdout] 5 | pub use arch_translation_table::KernelTranslationTable;
[INFO] [stdout]   |         ^^^^^^^^^^^^^^^^^^^^^^ use of undeclared crate or module `arch_translation_table`
[INFO] [stdout]   |
[INFO] [stdout] help: there is a crate or module with a similar name
[INFO] [stdout]   |
[INFO] [stdout] 5 | pub use translation_table::KernelTranslationTable;
[INFO] [stdout]   |         ~~~~~~~~~~~~~~~~~
[INFO] [stdout] 
[INFO] [stdout] 
[INFO] [stdout] error[E0432]: unresolved import `arch_time`
[INFO] [stdout]  --> src/time.rs:5:9
[INFO] [stdout]   |
[INFO] [stdout] 5 | pub use arch_time::time_manager;
[INFO] [stdout]   |         ^^^^^^^^^ use of undeclared crate or module `arch_time`
[INFO] [stdout] 
[INFO] [stdout] 
[INFO] [stdout] error[E0432]: unresolved import `arch_asynchronous`
[INFO] [stdout]   --> src/exception/asynchronous.rs:10:9
[INFO] [stdout]    |
[INFO] [stdout] 10 | pub use arch_asynchronous::print_state;
[INFO] [stdout]    |         ^^^^^^^^^^^^^^^^^ use of undeclared crate or module `arch_asynchronous`
[INFO] [stdout]    |
[INFO] [stdout] help: there is a crate or module with a similar name
[INFO] [stdout]    |
[INFO] [stdout] 10 | pub use asynchronous::print_state;
[INFO] [stdout]    |         ~~~~~~~~~~~~
[INFO] [stdout] 
[INFO] [stdout] 
[INFO] [stdout] error[E0432]: unresolved import `self::arch_asynchronous`
[INFO] [stdout]   --> src/exception/asynchronous.rs:65:11
[INFO] [stdout]    |
[INFO] [stdout] 65 | use self::arch_asynchronous::{local_irq_mask_save, local_irq_restore};
[INFO] [stdout]    |           ^^^^^^^^^^^^^^^^^ could not find `arch_asynchronous` in `self`
[INFO] [stdout] 
[INFO] [stdout] 
[INFO] [stdout] error[E0432]: unresolved import `arch_exception`
[INFO] [stdout]  --> src/exception.rs:7:9
[INFO] [stdout]   |
[INFO] [stdout] 7 | pub use arch_exception::{current_privillege_level, handling_init};
[INFO] [stdout]   |         ^^^^^^^^^^^^^^ use of undeclared crate or module `arch_exception`
[INFO] [stdout] 
[INFO] [stdout] 
[INFO] [stdout] error[E0432]: unresolved import `arch_mmu`
[INFO] [stdout]  --> src/memory/mmu.rs:5:9
[INFO] [stdout]   |
[INFO] [stdout] 5 | pub use arch_mmu::mmu;
[INFO] [stdout]   |         ^^^^^^^^ use of undeclared crate or module `arch_mmu`
[INFO] [stdout] 
[INFO] [stdout] 
[INFO] [stdout] error[E0432]: unresolved import `arch_cpu`
[INFO] [stdout]  --> src/cpu.rs:7:9
[INFO] [stdout]   |
[INFO] [stdout] 7 | pub use arch_cpu::{nop, wait_forever};
[INFO] [stdout]   |         ^^^^^^^^ use of undeclared crate or module `arch_cpu`
[INFO] [stdout] 
[INFO] [stdout] 
[INFO] [stdout] error[E0432]: unresolved import `arch_translation_table`
[INFO] [stdout]  --> src/memory/mmu/translation_table.rs:5:9
[INFO] [stdout]   |
[INFO] [stdout] 5 | pub use arch_translation_table::KernelTranslationTable;
[INFO] [stdout]   |         ^^^^^^^^^^^^^^^^^^^^^^ use of undeclared crate or module `arch_translation_table`
[INFO] [stdout]   |
[INFO] [stdout] help: there is a crate or module with a similar name
[INFO] [stdout]   |
[INFO] [stdout] 5 | pub use translation_table::KernelTranslationTable;
[INFO] [stdout]   |         ~~~~~~~~~~~~~~~~~
[INFO] [stdout] 
[INFO] [stdout] 
[INFO] [stdout] error[E0432]: unresolved import `arch_time`
[INFO] [stdout]  --> src/time.rs:5:9
[INFO] [stdout]   |
[INFO] [stdout] 5 | pub use arch_time::time_manager;
[INFO] [stdout]   |         ^^^^^^^^^ use of undeclared crate or module `arch_time`
[INFO] [stdout] 
[INFO] [stdout] 
[INFO] [stdout] error[E0432]: unresolved import `arch_asynchronous`
[INFO] [stdout]   --> src/exception/asynchronous.rs:10:9
[INFO] [stdout]    |
[INFO] [stdout] 10 | pub use arch_asynchronous::print_state;
[INFO] [stdout]    |         ^^^^^^^^^^^^^^^^^ use of undeclared crate or module `arch_asynchronous`
[INFO] [stdout]    |
[INFO] [stdout] help: there is a crate or module with a similar name
[INFO] [stdout]    |
[INFO] [stdout] 10 | pub use asynchronous::print_state;
[INFO] [stdout]    |         ~~~~~~~~~~~~
[INFO] [stdout] 
[INFO] [stdout] 
[INFO] [stdout] error[E0432]: unresolved import `self::arch_asynchronous`
[INFO] [stdout]   --> src/exception/asynchronous.rs:65:11
[INFO] [stdout]    |
[INFO] [stdout] 65 | use self::arch_asynchronous::{local_irq_mask_save, local_irq_restore};
[INFO] [stdout]    |           ^^^^^^^^^^^^^^^^^ could not find `arch_asynchronous` in `self`
[INFO] [stdout] 
[INFO] [stdout] 
[INFO] [stdout] error[E0432]: unresolved import `arch_exception`
[INFO] [stdout]  --> src/exception.rs:7:9
[INFO] [stdout]   |
[INFO] [stdout] 7 | pub use arch_exception::{current_privillege_level, handling_init};
[INFO] [stdout]   |         ^^^^^^^^^^^^^^ use of undeclared crate or module `arch_exception`
[INFO] [stdout] 
[INFO] [stdout] 
[INFO] [stdout] error[E0432]: unresolved import `arch_mmu`
[INFO] [stdout]  --> src/memory/mmu.rs:5:9
[INFO] [stdout]   |
[INFO] [stdout] 5 | pub use arch_mmu::mmu;
[INFO] [stdout]   |         ^^^^^^^^ use of undeclared crate or module `arch_mmu`
[INFO] [stdout] 
[INFO] [stdout] 
[INFO] [stdout] error[E0433]: failed to resolve: could not find `console` in `bsp`
[INFO] [stdout]  --> src/panic_wait.rs:6:19
[INFO] [stdout]   |
[INFO] [stdout] 6 |     unsafe { bsp::console::panic_console_out().write_fmt(args).unwrap() };
[INFO] [stdout]   |                   ^^^^^^^ could not find `console` in `bsp`
[INFO] [stdout] 
[INFO] [stdout] 
[INFO] [stdout] error[E0433]: failed to resolve: could not find `console` in `bsp`
[INFO] [stdout]  --> src/panic_wait.rs:6:19
[INFO] [stdout]   |
[INFO] [stdout] 6 |     unsafe { bsp::console::panic_console_out().write_fmt(args).unwrap() };
[INFO] [stdout]   |                   ^^^^^^^ could not find `console` in `bsp`
[INFO] [stdout] 
[INFO] [stdout] 
[INFO] [stdout] error[E0433]: failed to resolve: could not find `console` in `bsp`
[INFO] [stdout]  --> src/print.rs:8:10
[INFO] [stdout]   |
[INFO] [stdout] 8 |     bsp::console::console().write_fmt(args).unwrap();
[INFO] [stdout]   |          ^^^^^^^ could not find `console` in `bsp`
[INFO] [stdout] 
[INFO] [stdout] 
[INFO] [stdout] error[E0433]: failed to resolve: could not find `console` in `bsp`
[INFO] [stdout]  --> src/print.rs:8:10
[INFO] [stdout]   |
[INFO] [stdout] 8 |     bsp::console::console().write_fmt(args).unwrap();
[INFO] [stdout]   |          ^^^^^^^ could not find `console` in `bsp`
[INFO] [stdout] 
[INFO] [stdout] 
[INFO] [stdout] error[E0425]: cannot find function `test_runner` in the crate root
[INFO] [stdout]   --> src/lib.rs:14:23
[INFO] [stdout]    |
[INFO] [stdout] 14 | #![test_runner(crate::test_runner)]
[INFO] [stdout]    |                       ^^^^^^^^^^^ not found in the crate root
[INFO] [stdout] 
[INFO] [stdout] 
[INFO] [stdout] warning: the feature `const_fn_fn_ptr_basics` has been stable since 1.61.0 and no longer requires an attribute to enable
[INFO] [stdout]  --> src/lib.rs:6:12
[INFO] [stdout]   |
[INFO] [stdout] 6 | #![feature(const_fn_fn_ptr_basics)]
[INFO] [stdout]   |            ^^^^^^^^^^^^^^^^^^^^^^
[INFO] [stdout]   |
[INFO] [stdout]   = note: `#[warn(stable_features)]` on by default
[INFO] [stdout] 
[INFO] [stdout] 
[INFO] [stdout] warning: the feature `asm` has been stable since 1.59.0 and no longer requires an attribute to enable
[INFO] [stdout]  --> src/lib.rs:2:12
[INFO] [stdout]   |
[INFO] [stdout] 2 | #![feature(asm)]
[INFO] [stdout]   |            ^^^
[INFO] [stdout] 
[INFO] [stdout] 
[INFO] [stdout] warning: the feature `global_asm` has been stable since 1.59.0 and no longer requires an attribute to enable
[INFO] [stdout]  --> src/lib.rs:1:12
[INFO] [stdout]   |
[INFO] [stdout] 1 | #![feature(global_asm)]
[INFO] [stdout]   |            ^^^^^^^^^^
[INFO] [stdout] 
[INFO] [stdout] 
[INFO] [stdout] warning: the feature `const_fn_fn_ptr_basics` has been stable since 1.61.0 and no longer requires an attribute to enable
[INFO] [stdout]  --> src/lib.rs:6:12
[INFO] [stdout]   |
[INFO] [stdout] 6 | #![feature(const_fn_fn_ptr_basics)]
[INFO] [stdout]   |            ^^^^^^^^^^^^^^^^^^^^^^
[INFO] [stdout]   |
[INFO] [stdout]   = note: `#[warn(stable_features)]` on by default
[INFO] [stdout] 
[INFO] [stdout] 
[INFO] [stdout] warning: the feature `asm` has been stable since 1.59.0 and no longer requires an attribute to enable
[INFO] [stdout]  --> src/lib.rs:2:12
[INFO] [stdout]   |
[INFO] [stdout] 2 | #![feature(asm)]
[INFO] [stdout]   |            ^^^
[INFO] [stdout] 
[INFO] [stdout] 
[INFO] [stdout] warning: the feature `global_asm` has been stable since 1.59.0 and no longer requires an attribute to enable
[INFO] [stdout]  --> src/lib.rs:1:12
[INFO] [stdout]   |
[INFO] [stdout] 1 | #![feature(global_asm)]
[INFO] [stdout]   |            ^^^^^^^^^^
[INFO] [stdout] 
[INFO] [stdout] 
[INFO] [stdout] error: language item required, but not found: `eh_personality`
[INFO] [stdout]   |
[INFO] [stdout]   = note: this can occur when a binary crate with `#![no_std]` is compiled for a target where `eh_personality` is defined in the standard library
[INFO] [stdout]   = help: you may be able to compile for a target that doesn't need `eh_personality`, specify a target with `--target` or in `.cargo/config`
[INFO] [stdout] 
[INFO] [stdout] 
[INFO] [stdout] error: aborting due to 12 previous errors; 3 warnings emitted
[INFO] [stdout] 
[INFO] [stdout] 
[INFO] [stdout] Some errors have detailed explanations: E0425, E0432, E0433, E0463.
[INFO] [stdout] 
[INFO] [stdout] For more information about an error, try `rustc --explain E0425`.
[INFO] [stdout] 
[INFO] [stderr] error: could not compile `pied` (lib test) due to 13 previous errors; 3 warnings emitted
[INFO] [stderr] warning: build failed, waiting for other jobs to finish...
[INFO] [stdout] error[E0599]: no function or associated item named `arch_address_space_size_sanity_check` found for struct `AddressSpace` in the current scope
[INFO] [stdout]    --> src/memory/mmu.rs:111:15
[INFO] [stdout]     |
[INFO] [stdout] 35  | pub struct AddressSpace<const AS_SIZE: usize>;
[INFO] [stdout]     | --------------------------------------------- function or associated item `arch_address_space_size_sanity_check` not found for this struct
[INFO] [stdout] ...
[INFO] [stdout] 111 |         Self::arch_address_space_size_sanity_check();
[INFO] [stdout]     |               ^^^^^^^^^^^^^^^^^^^^^^^^^^^^^^^^^^^^ function or associated item not found in `AddressSpace<AS_SIZE>`
[INFO] [stdout] 
[INFO] [stdout] 
[INFO] [stdout] warning: unused import: `fmt::Write`
[INFO] [stdout]  --> src/panic_wait.rs:5:9
[INFO] [stdout]   |
[INFO] [stdout] 5 |     use fmt::Write;
[INFO] [stdout]   |         ^^^^^^^^^^
[INFO] [stdout]   |
[INFO] [stdout]   = note: `#[warn(unused_imports)]` on by default
[INFO] [stdout] 
[INFO] [stdout] 
[INFO] [stdout] warning: unused import: `console::Write`
[INFO] [stdout]  --> src/print.rs:6:9
[INFO] [stdout]   |
[INFO] [stdout] 6 |     use console::Write;
[INFO] [stdout]   |         ^^^^^^^^^^^^^^
[INFO] [stdout] 
[INFO] [stdout] 
[INFO] [stdout] error: aborting due to 11 previous errors; 5 warnings emitted
[INFO] [stdout] 
[INFO] [stdout] 
[INFO] [stdout] Some errors have detailed explanations: E0432, E0433, E0463, E0599.
[INFO] [stdout] 
[INFO] [stdout] For more information about an error, try `rustc --explain E0432`.
[INFO] [stdout] 
[INFO] [stderr] error: could not compile `pied` (lib) due to 12 previous errors; 5 warnings emitted
[INFO] running `Command { std: "docker" "inspect" "17f2a3222350fa6e0d372dd4ed9210af4ebc382a970d87b603a51879c904fbfa", kill_on_drop: false }`
[INFO] running `Command { std: "docker" "rm" "-f" "17f2a3222350fa6e0d372dd4ed9210af4ebc382a970d87b603a51879c904fbfa", kill_on_drop: false }`
[INFO] [stdout] 17f2a3222350fa6e0d372dd4ed9210af4ebc382a970d87b603a51879c904fbfa
